{"id":6549,"date":"2020-08-11T13:17:24","date_gmt":"2020-08-11T13:17:24","guid":{"rendered":"https:\/\/lagar.vamtam.com\/?post_type=product&#038;p=6549"},"modified":"2025-02-28T14:00:18","modified_gmt":"2025-02-28T13:00:18","slug":"exeperience-rouge","status":"publish","type":"product","link":"https:\/\/www.domainesaintmitre.com\/?product=exeperience-rouge","title":{"rendered":"Cuv\u00e9e \u00ab Exp\u00e9rience \u00bb <br\/>Rouge 2022 <br\/>Carton de 6 bouteilles"},"content":{"rendered":"\t\t<div data-elementor-type=\"product-post\" data-elementor-id=\"6549\" class=\"elementor elementor-6549\" data-elementor-post-type=\"product\">\n\t\t\t\t\t\t<section class=\"elementor-section elementor-top-section elementor-element elementor-element-5e53cf6 elementor-section-boxed elementor-section-height-default elementor-section-height-default\" data-id=\"5e53cf6\" data-element_type=\"section\">\n\t\t\t\t\t\t<div class=\"elementor-container elementor-column-gap-default\">\n\t\t\t\t\t<div class=\"elementor-column elementor-col-100 elementor-top-column elementor-element elementor-element-f597201\" data-id=\"f597201\" data-element_type=\"column\">\n\t\t\t<div class=\"elementor-widget-wrap elementor-element-populated\">\n\t\t\t\t\t\t<div class=\"elementor-element elementor-element-3d44306 elementor-widget elementor-widget-heading\" data-id=\"3d44306\" data-element_type=\"widget\" data-widget_type=\"heading.default\">\n\t\t\t\t<div class=\"elementor-widget-container\">\n\t\t\t<style>\/*! elementor - v3.22.0 - 24-06-2024 *\/\n.elementor-heading-title{padding:0;margin:0;line-height:1}.elementor-widget-heading .elementor-heading-title[class*=elementor-size-]>a{color:inherit;font-size:inherit;line-height:inherit}.elementor-widget-heading .elementor-heading-title.elementor-size-small{font-size:15px}.elementor-widget-heading .elementor-heading-title.elementor-size-medium{font-size:19px}.elementor-widget-heading .elementor-heading-title.elementor-size-large{font-size:29px}.elementor-widget-heading .elementor-heading-title.elementor-size-xl{font-size:39px}.elementor-widget-heading .elementor-heading-title.elementor-size-xxl{font-size:59px}<\/style><h5 class=\"elementor-heading-title elementor-size-default\">Vinification & \u00e9levage<\/h5>\t\t<\/div>\n\t\t\t\t<\/div>\n\t\t\t\t<div class=\"elementor-element elementor-element-1cc320b elementor-widget elementor-widget-text-editor\" data-id=\"1cc320b\" data-element_type=\"widget\" data-widget_type=\"text-editor.default\">\n\t\t\t\t<div class=\"elementor-widget-container\">\n\t\t\t<style>\/*! elementor - v3.22.0 - 24-06-2024 *\/\n.elementor-widget-text-editor.elementor-drop-cap-view-stacked .elementor-drop-cap{background-color:#69727d;color:#fff}.elementor-widget-text-editor.elementor-drop-cap-view-framed .elementor-drop-cap{color:#69727d;border:3px solid;background-color:transparent}.elementor-widget-text-editor:not(.elementor-drop-cap-view-default) .elementor-drop-cap{margin-top:8px}.elementor-widget-text-editor:not(.elementor-drop-cap-view-default) .elementor-drop-cap-letter{width:1em;height:1em}.elementor-widget-text-editor .elementor-drop-cap{float:left;text-align:center;line-height:1;font-size:50px}.elementor-widget-text-editor .elementor-drop-cap-letter{display:inline-block}<\/style>\t\t\t\t<p>\u00ab sols argilo-calcaires \u00bb<br \/>La vendange se d\u00e9roule tardivement, entre le 10 septembre et le 10 octobre.<br \/>Les nuits sont plus fra\u00eeches sur notre secteur de l\u2019arri\u00e8re-pays varois et notre vignoble est<br \/>situ\u00e9 \u00e0 une altitude de 300 m. La r\u00e9colte est r\u00e9alis\u00e9e de fa\u00e7on m\u00e9canique durant la nuit entre<br \/>3 et 9 heures le matin.<br \/>Les vignes sont tr\u00e8s proches de notre chai de vinification ce qui permet d\u2019apporter les raisins<br \/>tr\u00e8s rapidement au pressurage.<br \/>La p\u00e9riode de la cuvaison est cruciale puisque c\u2019est l\u2019\u00e9tape d\u2019extraction de la couleur, de la<br \/>structure et des ar\u00f4mes. Pendant ces 10 \u00e0 15 jours de cuvaison et fermentation, les remontages quotidiens et quelques d\u00e9lestages vont contribuer \u00e0 une belle extraction des pr\u00e9curseurs d\u2019ar\u00f4mes et des polyph\u00e9nols pr\u00e9sents dans les baies.<br \/>Apr\u00e8s le pressurage de la partie rest\u00e9e solide, nous poursuivons l\u2019\u00e9levage en cuve inox et f\u00fbts<br \/>de ch\u00eane.<\/p>\t\t\t\t\t\t<\/div>\n\t\t\t\t<\/div>\n\t\t\t\t<div class=\"elementor-element elementor-element-311ef53 elementor-widget elementor-widget-heading\" data-id=\"311ef53\" data-element_type=\"widget\" data-widget_type=\"heading.default\">\n\t\t\t\t<div class=\"elementor-widget-container\">\n\t\t\t<h5 class=\"elementor-heading-title elementor-size-default\">Assemblage<\/h5>\t\t<\/div>\n\t\t\t\t<\/div>\n\t\t\t\t<div class=\"elementor-element elementor-element-77a420c elementor-widget elementor-widget-text-editor\" data-id=\"77a420c\" data-element_type=\"widget\" data-widget_type=\"text-editor.default\">\n\t\t\t\t<div class=\"elementor-widget-container\">\n\t\t\t\t\t\t\t<p><strong>Syrah :<\/strong> 40%<br \/><strong>Merlot :<\/strong> 30%<br \/><strong>Marselan :<\/strong> 30%<br \/>Assemblage de vin frais (30%) et vin vieilli en f\u00fbts de ch\u00eane (70%) pendant 12 mois<\/p>\t\t\t\t\t\t<\/div>\n\t\t\t\t<\/div>\n\t\t\t\t<div class=\"elementor-element elementor-element-5c0b33c elementor-widget elementor-widget-heading\" data-id=\"5c0b33c\" data-element_type=\"widget\" data-widget_type=\"heading.default\">\n\t\t\t\t<div class=\"elementor-widget-container\">\n\t\t\t<h5 class=\"elementor-heading-title elementor-size-default\">D\u00e9gustation<\/h5>\t\t<\/div>\n\t\t\t\t<\/div>\n\t\t\t\t<div class=\"elementor-element elementor-element-7d44fb7 elementor-widget elementor-widget-text-editor\" data-id=\"7d44fb7\" data-element_type=\"widget\" data-widget_type=\"text-editor.default\">\n\t\t\t\t<div class=\"elementor-widget-container\">\n\t\t\t\t\t\t\t<p><strong>Robe<\/strong> : couleur intense grenat aux reflets brillants<br \/><strong>Nez<\/strong> : fruits rouges frais : fraises \u00e9cras\u00e9es et groseilles avec de subtiles notes d\u2019 \u00e9pices.<br \/><strong>Bouche<\/strong> : juteuse et g\u00e9n\u00e9reuse avec des notes de fruits noirs gourmands (cassis) et d\u2019\u00e9pices douces (r\u00e9glisse).<br \/>Rondeur des tanins<br \/>La finale est souple et gourmande<\/p>\t\t\t\t\t\t<\/div>\n\t\t\t\t<\/div>\n\t\t\t\t<div class=\"elementor-element elementor-element-338927b elementor-widget elementor-widget-heading\" data-id=\"338927b\" data-element_type=\"widget\" data-widget_type=\"heading.default\">\n\t\t\t\t<div class=\"elementor-widget-container\">\n\t\t\t<h5 class=\"elementor-heading-title elementor-size-default\">Association Culinaire<\/h5>\t\t<\/div>\n\t\t\t\t<\/div>\n\t\t\t\t<div class=\"elementor-element elementor-element-f1414ee elementor-widget elementor-widget-text-editor\" data-id=\"f1414ee\" data-element_type=\"widget\" data-widget_type=\"text-editor.default\">\n\t\t\t\t<div class=\"elementor-widget-container\">\n\t\t\t\t\t\t\t<p>Ce vin s\u2019\u00e9panouira pleinement sur des viandes grill\u00e9es, des l\u00e9gumes du soleil et en fin de repas sur les fromages.<br \/>Quelques id\u00e9es: c\u00f4te de b\u0153uf grill\u00e9, ratatouille ou<br \/>p\u00e2t\u00e9 en cro\u00fbte de lapin aux noisettes.<\/p><p><br \/>Il est conseill\u00e9 de le servir l\u00e9g\u00e8rement frais (18\u00b0) pour mieux faire ressortir ses notes de fruits.<\/p>\t\t\t\t\t\t<\/div>\n\t\t\t\t<\/div>\n\t\t\t\t<div class=\"elementor-element elementor-element-a552b4c elementor-widget elementor-widget-button\" data-id=\"a552b4c\" data-element_type=\"widget\" data-widget_type=\"button.default\">\n\t\t\t\t<div class=\"elementor-widget-container\">\n\t\t\t\t\t<div class=\"elementor-button-wrapper\">\n\t\t\t<a class=\"elementor-button elementor-button-link elementor-size-sm\" href=\"https:\/\/domainesaintmitre.com\/new\/fichesproduits\/fr\/experiencerouge2024.pdf\">\n\t\t\t\t\t\t<span class=\"elementor-button-content-wrapper\">\n\t\t\t\t\t\t\t\t\t<span class=\"elementor-button-text\">T\u00e9l\u00e9chargez la fiche technique en fran\u00e7ais<\/span>\n\t\t\t\t\t<\/span>\n\t\t\t\t\t<\/a>\n\t\t<\/div>\n\t\t\t\t<\/div>\n\t\t\t\t<\/div>\n\t\t\t\t<div class=\"elementor-element elementor-element-139c75e elementor-widget elementor-widget-button\" data-id=\"139c75e\" data-element_type=\"widget\" data-widget_type=\"button.default\">\n\t\t\t\t<div class=\"elementor-widget-container\">\n\t\t\t\t\t<div class=\"elementor-button-wrapper\">\n\t\t\t<a class=\"elementor-button elementor-button-link elementor-size-sm\" href=\"https:\/\/domainesaintmitre.com\/new\/fichesproduits\/en\/experiencerouge2022.pdf\">\n\t\t\t\t\t\t<span class=\"elementor-button-content-wrapper\">\n\t\t\t\t\t\t\t\t\t<span class=\"elementor-button-text\">T\u00e9l\u00e9chargez la fiche technique en anglais<\/span>\n\t\t\t\t\t<\/span>\n\t\t\t\t\t<\/a>\n\t\t<\/div>\n\t\t\t\t<\/div>\n\t\t\t\t<\/div>\n\t\t\t\t\t<\/div>\n\t\t<\/div>\n\t\t\t\t\t<\/div>\n\t\t<\/section>\n\t\t\t\t<\/div>\n\t\t","protected":false},"excerpt":{"rendered":"<h5>IGP Vin de Pays du Var (75 cl) (Carton de 6 bouteilles)<\/h5>\n<p>GOURMANDISE ET EPICES<\/p>\n","protected":false},"featured_media":9914,"template":"","meta":[],"product_cat":[33],"product_tag":[63,62,61,64],"class_list":{"0":"post-6549","1":"product","2":"type-product","3":"status-publish","4":"has-post-thumbnail","6":"product_cat-igp","7":"product_tag-63","8":"product_tag-experience","9":"product_tag-igp","10":"product_tag-rouge","11":"product_shipping_class-etat-01","13":"first","14":"instock","15":"taxable","16":"shipping-taxable","17":"purchasable","18":"product-type-simple"},"_links":{"self":[{"href":"https:\/\/www.domainesaintmitre.com\/index.php?rest_route=\/wp\/v2\/product\/6549","targetHints":{"allow":["GET"]}}],"collection":[{"href":"https:\/\/www.domainesaintmitre.com\/index.php?rest_route=\/wp\/v2\/product"}],"about":[{"href":"https:\/\/www.domainesaintmitre.com\/index.php?rest_route=\/wp\/v2\/types\/product"}],"version-history":[{"count":33,"href":"https:\/\/www.domainesaintmitre.com\/index.php?rest_route=\/wp\/v2\/product\/6549\/revisions"}],"predecessor-version":[{"id":12197,"href":"https:\/\/www.domainesaintmitre.com\/index.php?rest_route=\/wp\/v2\/product\/6549\/revisions\/12197"}],"wp:featuredmedia":[{"embeddable":true,"href":"https:\/\/www.domainesaintmitre.com\/index.php?rest_route=\/wp\/v2\/media\/9914"}],"wp:attachment":[{"href":"https:\/\/www.domainesaintmitre.com\/index.php?rest_route=%2Fwp%2Fv2%2Fmedia&parent=6549"}],"wp:term":[{"taxonomy":"product_cat","embeddable":true,"href":"https:\/\/www.domainesaintmitre.com\/index.php?rest_route=%2Fwp%2Fv2%2Fproduct_cat&post=6549"},{"taxonomy":"product_tag","embeddable":true,"href":"https:\/\/www.domainesaintmitre.com\/index.php?rest_route=%2Fwp%2Fv2%2Fproduct_tag&post=6549"}],"curies":[{"name":"wp","href":"https:\/\/api.w.org\/{rel}","templated":true}]}}